{"id":49,"date":"2008-07-20T19:25:31","date_gmt":"2008-07-20T17:25:31","guid":{"rendered":"http:\/\/www.cheer-factory.com\/?page_id=49"},"modified":"2021-11-10T17:36:15","modified_gmt":"2021-11-10T15:36:15","slug":"icestars","status":"publish","type":"page","link":"https:\/\/www.cheer-factory.com\/?page_id=49","title":{"rendered":"IceStarS"},"content":{"rendered":"<p><strong>#70001 ISC Senior Retro Shirt<\/strong><\/p>\n<p>\u00a0<a href=\"https:\/\/www.cheer-factory.com\/wp-content\/senior-teamshirt.jpg\"><img loading=\"lazy\" decoding=\"async\" class=\"alignnone size-medium wp-image-51\" title=\"senior-teamshirt\" src=\"https:\/\/www.cheer-factory.com\/wp-content\/senior-teamshirt-225x300.jpg\" alt=\"\" width=\"176\" height=\"220\" \/><\/a>\u00a0\u00a0\u00a0\u00a0 <a href=\"https:\/\/www.cheer-factory.com\/wp-content\/senior-teamshirt-h.jpg\"><img loading=\"lazy\" decoding=\"async\" class=\"alignnone size-medium wp-image-52\" title=\"senior-teamshirt-h\" src=\"https:\/\/www.cheer-factory.com\/wp-content\/senior-teamshirt-h-225x300.jpg\" alt=\"\" width=\"151\" height=\"220\" \/><\/a><\/p>\n<p>Women\u00b4s Retro von Promodoro, royal\/wei\u00df,205g, wei\u00dfer Druck, in den Gr\u00f6\u00dfen XS bis XL<\/p>\n<p><strong>12,-\u20ac<\/strong> (ISC Member)<\/p>\n<p><strong>15,-\u20ac<\/strong> (non-Member)<\/p>\n<p>\u00a0<\/p>\n<p><strong># 70002 ISC Staff Shirt<\/strong><\/p>\n<p>\u00a0<a href=\"https:\/\/www.cheer-factory.com\/wp-content\/isc-staff-shirt-2.jpg\"><img loading=\"lazy\" decoding=\"async\" class=\"alignnone size-medium wp-image-53\" title=\"isc-staff-shirt-2\" src=\"https:\/\/www.cheer-factory.com\/wp-content\/isc-staff-shirt-2-225x300.jpg\" alt=\"\" width=\"168\" height=\"200\" \/><\/a>\u00a0\u00a0 <a href=\"https:\/\/www.cheer-factory.com\/wp-content\/isc-staff-shirt-h.jpg\"><img loading=\"lazy\" decoding=\"async\" class=\"alignnone size-medium wp-image-54\" title=\"isc-staff-shirt-h\" src=\"https:\/\/www.cheer-factory.com\/wp-content\/isc-staff-shirt-h-225x300.jpg\" alt=\"\" width=\"180\" height=\"198\" \/><\/a><\/p>\n<p>Polin Shirt von B&amp;C, royal, Baumwolle 120g,Brusttasche, wei\u00dfer Druck, in den Gr\u00f6\u00dfen S-XXL<\/p>\n<p><strong>10,-\u20ac<\/strong> (ISC Member)<\/p>\n<p><strong>15,-\u20ac<\/strong> (non-Member)<\/p>\n<p>\u00a0<\/p>\n<p># <strong>70003 ISC Team-Jacke<\/strong><\/p>\n<p><a href=\"https:\/\/www.cheer-factory.com\/wp-content\/isc-team-jacke.jpg\"><img loading=\"lazy\" decoding=\"async\" class=\"alignnone size-medium wp-image-55\" title=\"isc-team-jacke\" src=\"https:\/\/www.cheer-factory.com\/wp-content\/isc-team-jacke-225x300.jpg\" alt=\"\" width=\"188\" height=\"213\" \/><\/a>\u00a0\u00a0 <a href=\"https:\/\/www.cheer-factory.com\/wp-content\/isc-teamjacke.jpg\"><img loading=\"lazy\" decoding=\"async\" class=\"alignnone size-medium wp-image-56\" title=\"isc-teamjacke\" src=\"https:\/\/www.cheer-factory.com\/wp-content\/isc-teamjacke-300x225.jpg\" alt=\"\" width=\"240\" height=\"203\" \/><\/a><\/p>\n<p>Fleece\/Microfaser, navy, ISC Logo vorn und hinten Stick, in den Gr\u00f6\u00dfen S-XXL<\/p>\n<p><strong>60,-\u20ac<\/strong> (nur ISC Member)<\/p>\n<p>\u00a0<\/p>\n<p><strong># 70004 ISC Cap 2006<\/strong><\/p>\n<p>\u00a0<a href=\"https:\/\/www.cheer-factory.com\/wp-content\/isc-cap-2006.jpg\"><img loading=\"lazy\" decoding=\"async\" class=\"alignnone size-medium wp-image-57\" title=\"isc-cap-2006\" src=\"https:\/\/www.cheer-factory.com\/wp-content\/isc-cap-2006-225x300.jpg\" alt=\"\" width=\"249\" height=\"355\" \/><\/a><\/p>\n<p>Cap von myrtle beach, navy, farbiger Stick, 100% Baumwolle<\/p>\n<p><strong>10,-\u20ac<\/strong> (ISC Member)<\/p>\n<p><strong>15,-\u20ac<\/strong> (non-Member)<\/p>\n<p>\u00a0<\/p>\n<p><strong># 70005 ISC Cap 2007<\/strong><\/p>\n<p>\u00a0<a href=\"https:\/\/www.cheer-factory.com\/wp-content\/isc-cap-2005.jpg\"><img loading=\"lazy\" decoding=\"async\" class=\"alignnone size-medium wp-image-58\" title=\"isc-cap-2005\" src=\"https:\/\/www.cheer-factory.com\/wp-content\/isc-cap-2005-225x300.jpg\" alt=\"\" width=\"225\" height=\"300\" \/><\/a><\/p>\n<p>Edge Cap von Slazenger, Ocean blue\/navy, farbiger Druck, 100% Baumwolle<\/p>\n<p><strong>8,-\u20ac<\/strong> (ISC Member)<\/p>\n<p><strong>12,-\u20ac<\/strong> (non-Member)<\/p>\n<p>\u00a0<\/p>\n<p><strong># 70006 ISC Camouflage sky<\/strong><\/p>\n<p><a href=\"https:\/\/www.cheer-factory.com\/wp-content\/isc-skyblue-1.jpg\"><img loading=\"lazy\" decoding=\"async\" class=\"alignnone size-medium wp-image-87\" title=\"isc-skyblue-1\" src=\"https:\/\/www.cheer-factory.com\/wp-content\/isc-skyblue-1-300x225.jpg\" alt=\"\" width=\"212\" height=\"186\" \/><\/a>\u00a0\u00a0 <a href=\"https:\/\/www.cheer-factory.com\/wp-content\/isc-skyblue-2.jpg\"><img loading=\"lazy\" decoding=\"async\" class=\"alignnone size-medium wp-image-89\" title=\"isc-skyblue-2\" src=\"https:\/\/www.cheer-factory.com\/wp-content\/isc-skyblue-2-225x300.jpg\" alt=\"\" width=\"166\" height=\"231\" \/><\/a><\/p>\n<p>Girly Shirt,\u00a0 100% Baumwolle, Camouflage sky Druck, mit dem ISC Logo in weiss, erh\u00e4ltlich in den Gr\u00f6\u00dfen XS bis XL<\/p>\n<p><strong>9,-\u20ac<\/strong> (ISC Member)<\/p>\n<p><strong>14,-\u20ac<\/strong> (non-Member)<\/p>\n<p>\u00a0<\/p>\n<p><strong># 70007 ISC\u00a0Pom &amp; Megaphone<\/strong>\u00a0<\/p>\n<p><a href=\"https:\/\/www.cheer-factory.com\/wp-content\/isc-pom-mega-21.jpg\"><img loading=\"lazy\" decoding=\"async\" class=\"alignnone size-medium wp-image-91\" title=\"isc-pom-mega-21\" src=\"https:\/\/www.cheer-factory.com\/wp-content\/isc-pom-mega-21-225x300.jpg\" alt=\"\" width=\"182\" height=\"239\" \/><\/a>\u00a0\u00a0 <a href=\"https:\/\/www.cheer-factory.com\/wp-content\/isc-pom-mega-1.jpg\"><img loading=\"lazy\" decoding=\"async\" class=\"alignnone size-medium wp-image-92\" title=\"isc-pom-mega-1\" src=\"https:\/\/www.cheer-factory.com\/wp-content\/isc-pom-mega-1-300x225.jpg\" alt=\"\" width=\"176\" height=\"162\" \/><\/a><\/p>\n<p>Als Girly und Unisex Shirt erh\u00e4ltlich,\u00a0 100% Baumwolle, Druck navy oder schwarz, , erh\u00e4ltlich in den Gr\u00f6\u00dfen 104 bis XXL, als Girly XS bis XL<\/p>\n<p><strong>8,-\u20ac<\/strong> (ISC Member)<\/p>\n<p><strong>10,-\u20ac<\/strong> (non-Member)<\/p>\n","protected":false},"excerpt":{"rendered":"<p>#70001 ISC Senior Retro Shirt \u00a0\u00a0\u00a0\u00a0\u00a0 Women\u00b4s Retro von Promodoro, royal\/wei\u00df,205g, wei\u00dfer Druck, in den Gr\u00f6\u00dfen XS bis XL 12,-\u20ac (ISC Member) 15,-\u20ac (non-Member) \u00a0 # 70002 ISC Staff Shirt \u00a0\u00a0\u00a0 Polin Shirt von B&amp;C, royal, Baumwolle 120g,Brusttasche, wei\u00dfer Druck, in den Gr\u00f6\u00dfen S-XXL 10,-\u20ac (ISC Member) 15,-\u20ac (non-Member) \u00a0 # 70003 ISC Team-Jacke \u00a0\u00a0 [&hellip;]<\/p>\n","protected":false},"author":1,"featured_media":0,"parent":0,"menu_order":0,"comment_status":"open","ping_status":"closed","template":"","meta":{"jetpack_post_was_ever_published":false,"footnotes":""},"jetpack_shortlink":"https:\/\/wp.me\/PjQUa-N","jetpack_sharing_enabled":true,"_links":{"self":[{"href":"https:\/\/www.cheer-factory.com\/index.php?rest_route=\/wp\/v2\/pages\/49"}],"collection":[{"href":"https:\/\/www.cheer-factory.com\/index.php?rest_route=\/wp\/v2\/pages"}],"about":[{"href":"https:\/\/www.cheer-factory.com\/index.php?rest_route=\/wp\/v2\/types\/page"}],"author":[{"embeddable":true,"href":"https:\/\/www.cheer-factory.com\/index.php?rest_route=\/wp\/v2\/users\/1"}],"replies":[{"embeddable":true,"href":"https:\/\/www.cheer-factory.com\/index.php?rest_route=%2Fwp%2Fv2%2Fcomments&post=49"}],"version-history":[{"count":0,"href":"https:\/\/www.cheer-factory.com\/index.php?rest_route=\/wp\/v2\/pages\/49\/revisions"}],"wp:attachment":[{"href":"https:\/\/www.cheer-factory.com\/index.php?rest_route=%2Fwp%2Fv2%2Fmedia&parent=49"}],"curies":[{"name":"wp","href":"https:\/\/api.w.org\/{rel}","templated":true}]}}