{"id":4,"date":"2008-07-11T12:01:58","date_gmt":"2008-07-11T10:01:58","guid":{"rendered":"http:\/\/www.cheer-factory.com\/?page_id=4"},"modified":"2020-04-16T09:08:15","modified_gmt":"2020-04-16T07:08:15","slug":"impressum","status":"publish","type":"page","link":"https:\/\/www.cheer-factory.com\/?page_id=4","title":{"rendered":"Impressum"},"content":{"rendered":"<p>Textildruckerei des IceStars Cheerleader e.V.<\/p>\n<p>Uwe Mensch<\/p>\n<p>Voedestrasse 88<br \/>\n44866\u00a0Bochum-Wattenscheid<\/p>\n<p>02327-295 8839<\/p>\n<p>eMail: pdmensch@aol.com<\/p>\n<p>Haftungshinweis: Trotz sorgf\u00e4ltiger inhaltlicher Kontrolle \u00fcbernehmen wir keine Haftung f\u00fcr die Inhalte externer Links. F\u00fcr den Inhalt der verlinkten Seiten sind ausschlie\u00dflich deren Betreiber verantwortlich.<br \/>\nPowered by wordpress.org<\/p>\n","protected":false},"excerpt":{"rendered":"<p>Textildruckerei des IceStars Cheerleader e.V. Uwe Mensch Voedestrasse 88 44866\u00a0Bochum-Wattenscheid 02327-295 8839 eMail: pdmensch@aol.com Haftungshinweis: Trotz sorgf\u00e4ltiger inhaltlicher Kontrolle \u00fcbernehmen wir keine Haftung f\u00fcr die Inhalte externer Links. F\u00fcr den Inhalt der verlinkten Seiten sind ausschlie\u00dflich deren Betreiber verantwortlich. Powered by wordpress.org<\/p>\n","protected":false},"author":1,"featured_media":0,"parent":0,"menu_order":0,"comment_status":"open","ping_status":"open","template":"","meta":{"jetpack_post_was_ever_published":false,"footnotes":""},"jetpack_shortlink":"https:\/\/wp.me\/PjQUa-4","jetpack_sharing_enabled":true,"_links":{"self":[{"href":"https:\/\/www.cheer-factory.com\/index.php?rest_route=\/wp\/v2\/pages\/4"}],"collection":[{"href":"https:\/\/www.cheer-factory.com\/index.php?rest_route=\/wp\/v2\/pages"}],"about":[{"href":"https:\/\/www.cheer-factory.com\/index.php?rest_route=\/wp\/v2\/types\/page"}],"author":[{"embeddable":true,"href":"https:\/\/www.cheer-factory.com\/index.php?rest_route=\/wp\/v2\/users\/1"}],"replies":[{"embeddable":true,"href":"https:\/\/www.cheer-factory.com\/index.php?rest_route=%2Fwp%2Fv2%2Fcomments&post=4"}],"version-history":[{"count":0,"href":"https:\/\/www.cheer-factory.com\/index.php?rest_route=\/wp\/v2\/pages\/4\/revisions"}],"wp:attachment":[{"href":"https:\/\/www.cheer-factory.com\/index.php?rest_route=%2Fwp%2Fv2%2Fmedia&parent=4"}],"curies":[{"name":"wp","href":"https:\/\/api.w.org\/{rel}","templated":true}]}}