{"id":36,"date":"2008-07-19T13:32:36","date_gmt":"2008-07-19T11:32:36","guid":{"rendered":"http:\/\/www.cheer-factory.com\/?page_id=36"},"modified":"2008-08-21T17:00:14","modified_gmt":"2008-08-21T15:00:14","slug":"workouts","status":"publish","type":"page","link":"https:\/\/www.cheer-factory.com\/?page_id=36","title":{"rendered":"Wie bestelle ich&#8230;"},"content":{"rendered":"<p>Bitte wendet euch direkt an <a href=\"http:\/\/www.pdmensch@aol.com\">pdmensch@aol.com<\/a><\/p>\n<p><strong>Inhalt Eurer Mail:<\/strong><\/p>\n<p>Artikelnummer, Anzahl, Gr\u00f6\u00dfe und Erreichbarkeit (Telefon), Adresse f\u00fcr die Rechnungstellung.<\/p>\n<p>Ihr erhaltet immer eine Nachricht von uns! Solltet ihr einmal keine R\u00fcckmeldung bekommen haben, so k\u00f6nnt ihr davon ausgehen, das wir eure eMail nicht erhalten haben.<\/p>\n","protected":false},"excerpt":{"rendered":"<p>Bitte wendet euch direkt an pdmensch@aol.com Inhalt Eurer Mail: Artikelnummer, Anzahl, Gr\u00f6\u00dfe und Erreichbarkeit (Telefon), Adresse f\u00fcr die Rechnungstellung. Ihr erhaltet immer eine Nachricht von uns! Solltet ihr einmal keine R\u00fcckmeldung bekommen haben, so k\u00f6nnt ihr davon ausgehen, das wir eure eMail nicht erhalten haben.<\/p>\n","protected":false},"author":1,"featured_media":0,"parent":0,"menu_order":0,"comment_status":"open","ping_status":"open","template":"","meta":{"jetpack_post_was_ever_published":false,"footnotes":""},"jetpack_shortlink":"https:\/\/wp.me\/PjQUa-A","jetpack_sharing_enabled":true,"_links":{"self":[{"href":"https:\/\/www.cheer-factory.com\/index.php?rest_route=\/wp\/v2\/pages\/36"}],"collection":[{"href":"https:\/\/www.cheer-factory.com\/index.php?rest_route=\/wp\/v2\/pages"}],"about":[{"href":"https:\/\/www.cheer-factory.com\/index.php?rest_route=\/wp\/v2\/types\/page"}],"author":[{"embeddable":true,"href":"https:\/\/www.cheer-factory.com\/index.php?rest_route=\/wp\/v2\/users\/1"}],"replies":[{"embeddable":true,"href":"https:\/\/www.cheer-factory.com\/index.php?rest_route=%2Fwp%2Fv2%2Fcomments&post=36"}],"version-history":[{"count":0,"href":"https:\/\/www.cheer-factory.com\/index.php?rest_route=\/wp\/v2\/pages\/36\/revisions"}],"wp:attachment":[{"href":"https:\/\/www.cheer-factory.com\/index.php?rest_route=%2Fwp%2Fv2%2Fmedia&parent=36"}],"curies":[{"name":"wp","href":"https:\/\/api.w.org\/{rel}","templated":true}]}}