{"id":13,"date":"2008-07-18T20:03:26","date_gmt":"2008-07-18T18:03:26","guid":{"rendered":"http:\/\/www.cheer-factory.com\/?page_id=13"},"modified":"2008-09-15T19:39:43","modified_gmt":"2008-09-15T17:39:43","slug":"fun-shirt-10001","status":"publish","type":"page","link":"https:\/\/www.cheer-factory.com\/?page_id=13","title":{"rendered":"Fun-Shirt"},"content":{"rendered":"<p><strong>#20001\u00a0\u00a0 my cash and my daugther\u00a0 &#8211;\u00a0 T-Shirt<\/strong><\/p>\n<p><strong>F\u00fcr alle leidgeplagten Eltern:<\/strong><\/p>\n<p style=\"text-align: center;\"><img loading=\"lazy\" decoding=\"async\" class=\"size-medium wp-image-14 aligncenter\" title=\"meine-tochter\" src=\"https:\/\/www.cheer-factory.com\/wp-content\/meine-tochter-225x300.jpg\" alt=\"\" width=\"225\" height=\"300\" \/><\/p>\n<p>Hanes T-Shirt in allen g\u00e4ngigen Farben (bitte nachfragen)<br \/>\nText in Navy, Sky, Schwarz, Wei\u00df, Rot, Gelb und Gr\u00fcn m\u00f6glich.<br \/>\nIn den Gr\u00f6\u00dfen S bis XXL erh\u00e4ltlich<\/p>\n<p><strong>10,- \u20ac<\/strong><\/p>\n<p>\u00a0<\/p>\n<p><strong># 20002 &#8222;Bock-Phase&#8220;<\/strong><\/p>\n<p>\u00a0<a href=\"https:\/\/www.cheer-factory.com\/wp-content\/ziege-2.jpg\"><img loading=\"lazy\" decoding=\"async\" class=\"alignnone size-medium wp-image-70\" title=\"ziege-2\" src=\"https:\/\/www.cheer-factory.com\/wp-content\/ziege-2-225x300.jpg\" alt=\"\" width=\"213\" height=\"275\" \/><\/a>\u00a0\u00a0\u00a0 <a href=\"https:\/\/www.cheer-factory.com\/wp-content\/ziege-1.jpg\"><img loading=\"lazy\" decoding=\"async\" class=\"alignnone size-medium wp-image-69\" title=\"ziege-1\" src=\"https:\/\/www.cheer-factory.com\/wp-content\/ziege-1-300x225.jpg\" alt=\"\" width=\"206\" height=\"177\" \/><\/a><\/p>\n<p>Fruit of the Loom (F142), schwarz, 100% Baumwolle, Rippstrick-Kragen aus B-Wolle\/Lycra mit Doppelnaht,Doppelnaht an \u00c4rmel und Bund.<\/p>\n<p><strong>10,-\u20ac<\/strong><\/p>\n<p>\u00a0<\/p>\n<p><strong># 20003 &#8222;the simple truth&#8220;<\/strong><\/p>\n<p><a href=\"https:\/\/www.cheer-factory.com\/wp-content\/wahrheit.jpg\"><img loading=\"lazy\" decoding=\"async\" class=\"alignnone size-medium wp-image-71\" title=\"wahrheit\" src=\"https:\/\/www.cheer-factory.com\/wp-content\/wahrheit-225x300.jpg\" alt=\"\" width=\"225\" height=\"284\" \/><\/a>\u00a0 <a href=\"https:\/\/www.cheer-factory.com\/wp-content\/wahrheit-rot-2.jpg\"><img loading=\"lazy\" decoding=\"async\" class=\"alignnone size-medium wp-image-80\" title=\"wahrheit-rot-2\" src=\"https:\/\/www.cheer-factory.com\/wp-content\/wahrheit-rot-2-225x300.jpg\" alt=\"\" width=\"210\" height=\"284\" \/><\/a><\/p>\n<p>Fruit of the Loom (F142), schwarz oder rot, 100% Baumwolle, Rippstrick-Kragen aus B-Wolle\/Lycra mit Doppelnaht,Doppelnaht an \u00c4rmel und Bund.<\/p>\n<p><strong>10,-\u20ac<\/strong><\/p>\n<p><strong># 20004 Cheerleader Teddy!<\/strong><\/p>\n<p><a href=\"https:\/\/www.cheer-factory.com\/wp-content\/teddy-1.jpg\"><img loading=\"lazy\" decoding=\"async\" class=\"alignnone size-medium wp-image-83\" title=\"teddy-1\" src=\"https:\/\/www.cheer-factory.com\/wp-content\/teddy-1-225x300.jpg\" alt=\"\" width=\"174\" height=\"241\" \/><\/a>\u00a0 <a href=\"https:\/\/www.cheer-factory.com\/wp-content\/teddy-2.jpg\"><img loading=\"lazy\" decoding=\"async\" class=\"alignnone size-medium wp-image-84\" title=\"teddy-2\" src=\"https:\/\/www.cheer-factory.com\/wp-content\/teddy-2-300x225.jpg\" alt=\"\" width=\"209\" height=\"171\" \/><\/a>\u00a0 <a href=\"https:\/\/www.cheer-factory.com\/wp-content\/cheer-teaddy.jpg\"><img loading=\"lazy\" decoding=\"async\" class=\"alignnone size-medium wp-image-132\" title=\"cheer-teaddy\" src=\"https:\/\/www.cheer-factory.com\/wp-content\/cheer-teaddy-225x300.jpg\" alt=\"\" width=\"181\" height=\"244\" \/><\/a><\/p>\n<p>Hanes T-Shirt in allen g\u00e4ngigen Farben (bitte nachfragen)<br \/>\nText in Navy, Sky, Schwarz, Wei\u00df, Rot, Gelb und Gr\u00fcn m\u00f6glich.<br \/>\nIn den Gr\u00f6\u00dfen S bis XXL erh\u00e4ltlich<\/p>\n<p><strong>10,- \u20ac<\/strong><\/p>\n<p><strong># 20005 Team-Manager<\/strong><\/p>\n<p><strong><a href=\"https:\/\/www.cheer-factory.com\/wp-content\/team-manager-1.jpg\"><img loading=\"lazy\" decoding=\"async\" class=\"alignnone size-medium wp-image-106\" title=\"team-manager-1\" src=\"https:\/\/www.cheer-factory.com\/wp-content\/team-manager-1-225x300.jpg\" alt=\"\" width=\"205\" height=\"269\" \/><\/a>\u00a0<a href=\"https:\/\/www.cheer-factory.com\/wp-content\/team-manager-2.jpg\"><img loading=\"lazy\" decoding=\"async\" class=\"alignnone size-medium wp-image-107\" title=\"team-manager-2\" src=\"https:\/\/www.cheer-factory.com\/wp-content\/team-manager-2-225x300.jpg\" alt=\"\" width=\"196\" height=\"268\" \/><\/a>\u00a0<a href=\"https:\/\/www.cheer-factory.com\/wp-content\/team-manager-3.jpg\"><img loading=\"lazy\" decoding=\"async\" class=\"alignnone size-medium wp-image-108\" title=\"team-manager-3\" src=\"https:\/\/www.cheer-factory.com\/wp-content\/team-manager-3-225x300.jpg\" alt=\"\" width=\"195\" height=\"265\" \/><\/a><a href=\"https:\/\/www.cheer-factory.com\/wp-content\/team-manager-3.jpg\"><\/a><\/strong><\/p>\n<p><strong># 20006\u00a0 V I B<\/strong><\/p>\n<p><a href=\"https:\/\/www.cheer-factory.com\/wp-content\/vib-1.jpg\"><img loading=\"lazy\" decoding=\"async\" class=\"alignnone size-medium wp-image-109\" title=\"vib-1\" src=\"https:\/\/www.cheer-factory.com\/wp-content\/vib-1-225x300.jpg\" alt=\"\" width=\"191\" height=\"268\" \/><\/a>\u00a0 <a href=\"https:\/\/www.cheer-factory.com\/wp-content\/vib-4.jpg\"><img loading=\"lazy\" decoding=\"async\" class=\"alignnone size-medium wp-image-111\" title=\"vib-4\" src=\"https:\/\/www.cheer-factory.com\/wp-content\/vib-4-225x300.jpg\" alt=\"\" width=\"192\" height=\"267\" \/><\/a>\u00a0 <a href=\"https:\/\/www.cheer-factory.com\/wp-content\/vib-2.jpg\"><img loading=\"lazy\" decoding=\"async\" class=\"alignnone size-medium wp-image-110\" title=\"vib-2\" src=\"https:\/\/www.cheer-factory.com\/wp-content\/vib-2-300x225.jpg\" alt=\"\" width=\"196\" height=\"157\" \/><\/a><\/p>\n<p><strong><a href=\"https:\/\/www.cheer-factory.com\/wp-content\/team-manager-3.jpg\"><\/a><\/strong><\/p>\n<p><strong># 20007 Urbanes Leben<\/strong><\/p>\n<p><strong><a href=\"https:\/\/www.cheer-factory.com\/wp-content\/urbanes-leben-1.jpg\"><img loading=\"lazy\" decoding=\"async\" class=\"alignnone size-medium wp-image-112\" title=\"urbanes-leben-1\" src=\"https:\/\/www.cheer-factory.com\/wp-content\/urbanes-leben-1-300x225.jpg\" alt=\"\" width=\"181\" height=\"132\" \/><\/a>\u00a0\u00a0 <a href=\"https:\/\/www.cheer-factory.com\/wp-content\/urbanes-leben-2.jpg\"><img loading=\"lazy\" decoding=\"async\" class=\"alignnone size-medium wp-image-113\" title=\"urbanes-leben-2\" src=\"https:\/\/www.cheer-factory.com\/wp-content\/urbanes-leben-2-225x300.jpg\" alt=\"\" width=\"195\" height=\"268\" \/><\/a><\/strong><\/p>\n<p><strong><\/strong><\/p>\n<p><strong># 20008\u00a0 K I S S<\/strong><\/p>\n<p><strong><a href=\"https:\/\/www.cheer-factory.com\/wp-content\/kiss1.jpg\"><img loading=\"lazy\" decoding=\"async\" class=\"alignnone size-medium wp-image-115\" title=\"kiss1\" src=\"https:\/\/www.cheer-factory.com\/wp-content\/kiss1-225x300.jpg\" alt=\"\" width=\"182\" height=\"262\" \/><\/a>\u00a0\u00a0 <a href=\"https:\/\/www.cheer-factory.com\/wp-content\/kiss-1.jpg\"><img loading=\"lazy\" decoding=\"async\" class=\"alignnone size-medium wp-image-116\" title=\"kiss-1\" src=\"https:\/\/www.cheer-factory.com\/wp-content\/kiss-1-225x300.jpg\" alt=\"\" width=\"188\" height=\"261\" \/><\/a>\u00a0\u00a0 <a href=\"https:\/\/www.cheer-factory.com\/wp-content\/kiss-2.jpg\"><\/a><\/strong><\/p>\n<p><strong># 20009 org. Armee Shirt POW<\/strong><\/p>\n<p><strong><a href=\"https:\/\/www.cheer-factory.com\/wp-content\/pow-1.jpg\"><img loading=\"lazy\" decoding=\"async\" class=\"alignnone size-medium wp-image-119\" title=\"pow-1\" src=\"https:\/\/www.cheer-factory.com\/wp-content\/pow-1-225x300.jpg\" alt=\"\" width=\"203\" height=\"275\" \/><\/a>\u00a0\u00a0 <a href=\"https:\/\/www.cheer-factory.com\/wp-content\/pow-2.jpg\"><img loading=\"lazy\" decoding=\"async\" class=\"alignnone size-medium wp-image-120\" title=\"pow-2\" src=\"https:\/\/www.cheer-factory.com\/wp-content\/pow-2-225x300.jpg\" alt=\"\" width=\"208\" height=\"277\" \/><\/a><\/strong><\/p>\n<p><strong>19,90 \u20ac<\/strong><\/p>\n<p><strong><\/strong><\/p>\n<p><strong># 20010\u00a0 F\u00f6rderverein GEZ<\/strong><\/p>\n<p><a href=\"https:\/\/www.cheer-factory.com\/wp-content\/gez.jpg\"><img loading=\"lazy\" decoding=\"async\" class=\"alignnone size-medium wp-image-121\" title=\"gez\" src=\"https:\/\/www.cheer-factory.com\/wp-content\/gez-225x300.jpg\" alt=\"\" width=\"193\" height=\"260\" \/><\/a>\u00a0\u00a0 <a href=\"https:\/\/www.cheer-factory.com\/wp-content\/gez-2.jpg\"><img loading=\"lazy\" decoding=\"async\" class=\"alignnone size-medium wp-image-122\" title=\"gez-2\" src=\"https:\/\/www.cheer-factory.com\/wp-content\/gez-2-225x300.jpg\" alt=\"\" width=\"193\" height=\"260\" \/><\/a><\/p>\n<p>\u00a0<\/p>\n<p><strong># 20011 \u00a0Atom Anton<\/strong><\/p>\n<p><a href=\"https:\/\/www.cheer-factory.com\/wp-content\/atom-anton.jpg\"><img loading=\"lazy\" decoding=\"async\" class=\"alignnone size-medium wp-image-133\" title=\"atom-anton\" src=\"https:\/\/www.cheer-factory.com\/wp-content\/atom-anton-225x300.jpg\" alt=\"\" width=\"225\" height=\"300\" \/><\/a><\/p>\n","protected":false},"excerpt":{"rendered":"<p>#20001\u00a0\u00a0 my cash and my daugther\u00a0 &#8211;\u00a0 T-Shirt F\u00fcr alle leidgeplagten Eltern: Hanes T-Shirt in allen g\u00e4ngigen Farben (bitte nachfragen) Text in Navy, Sky, Schwarz, Wei\u00df, Rot, Gelb und Gr\u00fcn m\u00f6glich. In den Gr\u00f6\u00dfen S bis XXL erh\u00e4ltlich 10,- \u20ac \u00a0 # 20002 &#8222;Bock-Phase&#8220; \u00a0\u00a0\u00a0\u00a0 Fruit of the Loom (F142), schwarz, 100% Baumwolle, Rippstrick-Kragen aus [&hellip;]<\/p>\n","protected":false},"author":1,"featured_media":0,"parent":0,"menu_order":0,"comment_status":"open","ping_status":"open","template":"","meta":{"jetpack_post_was_ever_published":false,"footnotes":""},"jetpack_shortlink":"https:\/\/wp.me\/PjQUa-d","jetpack_sharing_enabled":true,"_links":{"self":[{"href":"https:\/\/www.cheer-factory.com\/index.php?rest_route=\/wp\/v2\/pages\/13"}],"collection":[{"href":"https:\/\/www.cheer-factory.com\/index.php?rest_route=\/wp\/v2\/pages"}],"about":[{"href":"https:\/\/www.cheer-factory.com\/index.php?rest_route=\/wp\/v2\/types\/page"}],"author":[{"embeddable":true,"href":"https:\/\/www.cheer-factory.com\/index.php?rest_route=\/wp\/v2\/users\/1"}],"replies":[{"embeddable":true,"href":"https:\/\/www.cheer-factory.com\/index.php?rest_route=%2Fwp%2Fv2%2Fcomments&post=13"}],"version-history":[{"count":0,"href":"https:\/\/www.cheer-factory.com\/index.php?rest_route=\/wp\/v2\/pages\/13\/revisions"}],"wp:attachment":[{"href":"https:\/\/www.cheer-factory.com\/index.php?rest_route=%2Fwp%2Fv2%2Fmedia&parent=13"}],"curies":[{"name":"wp","href":"https:\/\/api.w.org\/{rel}","templated":true}]}}